4*c**2 - 1000*c - c**3 - 1. What is x(-2)?
15
Let k(v) = 3*v. Let g(c) = 5*c**2 + 1. Let t be g(-2). Suppose 2*n - 3*i + t = 5*n, -3*i + 19 = 2*n. Calculate k(n).
6
Let p(s) = 8*s**2 + s + 1. Let y be ((-30)/(-6) + -4)/((-2)/(-166)). Let r = -84 + y. Calculate p(r).
8
Let y(h) = 22 - 40 - 5*h**2 + h**3 + 18 + 5. Determine y(5).
5
Let x(y) = y**3 - y + 10. Let d(r) = 6*r + 36. Let b be d(-6). Determine x(b).
10
Let g(j) = 2*j - 3. Let t be (-49)/(-6) + (-5)/30. Suppose 0 = 6*x - 2*x - t. Suppose -f = -x*f + 2. Give g(f).
1
Let w(q) = q**2 - 5*q + 2. Let j be w(5). Let a(r) = r**2 + 2*r - 5. Let t be a(-4). Let z(b) = -1 - 6*b + j*b + t*b. Give z(3).
-4
Let u(o) = o**3 - 6*o**2 + 2*o - 5. Let n be (-1)/4*-4*(-12)/(-2). Give u(n).
7
Let h(u) = 3*u**3 + 11*u**2 + 11*u - 1. Let y(a) = a**3 + a**2 + a - 1. Let z(b) = h(b) - 4*y(b). Let l = 12 - 4. What is z(l)?
-5
Suppose 6 - 14 = -2*s + 4*x, 0 = 4*s + 5*x + 49. Let j(n) = -4*n - 18. Let t be j(s). Let m(z) = z**3 - 7*z**2 + 5*z - 7. Calculate m(t).
-13
Let r(v) = -14*v - 5 - 3 + 13*v. Let z(d) = d**2 - d + 1. Let b(q) = r(q) + z(q). What is b(5)?
8
Let d(n) = -n - 1. Let c be d(-2). Suppose -3*f + 4*f = -c. Let k(x) be the first derivative of -x**4/4 + x**3/3 + 123. Give k(f).
2
Suppose 0*t + 20 = 5*t. Suppose -8*g = -t*g + 4. Let a(z) be the third derivative of -z**5/10 - z**3/6 - 6*z**2. Determine a(g).
-7
Let v(t) = t**3 - 22*t + 16*t + 5*t**2 - 4 + 6. Let d(h) = 2*h + 10. Let g be d(-8). Calculate v(g).
2
Suppose -7*v + 3*v - 48 = 0. Let u(p) = p**3 + 11*p**2 - 13*p - 3. Let s be u(v). Let y = s - 10. Let q(o) = -3*o**3 - 2*o**2 - 2*o - 1. Determine q(y).
2
Suppose 0 = 3*h - 5*h - 4. Let g(a) = -2*a**3 - a**2 + 3*a + 1. Let m be g(h). Let j(r) = -32*r + 57*r - 26*r - 2 + 11. Calculate j(m).
2
Suppose 3*x - 3 - 15 = 0. Suppose -k = -x + 4. Let y(a) = -a + 2. What is y(k)?
0
Let y = 13 - 14. Let s be y + (-51)/(-3) - 1. Let o(m) = 2 - s*m - 4 + 14*m. Give o(-3).
1
Let n(z) = -z + 1. Let a(x) = 10*x + 32. Let g be a(-3). What is n(g)?
-1
Let o(p) be the first derivative of 3*p + 1/2*p**2 + 19. Determine o(3).
6
Suppose -4*i - 5*v + 21 = -6, -2*i = -3*v + 3. Let g(l) = 54 - l**i + 54 - 115 + 9*l**2 - 8*l. Give g(8).
-7
Let a(b) be the second derivative of -3*b**2 + 0 + 2/3*b**3 - 6*b. Let z(i) = 1. Let f(q) = a(q) + 5*z(q). What is f(1)?
3
Let a(t) = -2*t**2 - 2*t + 1. Let v(w) = 2*w**2 + w**2 - 3*w**2 + 3*w**2 + 2*w. Let x be v(-1). Determine a(x).
-3
Let d(b) = 2*b - 18. Suppose 194 = 19*c - 15. Give d(c).
4
Let t(y) = -3*y**3 - 3*y**2 + 2*y - 2. Let i(j) = j**3 + 2*j**2 - j + 1. Let d(z) = -2*i(z) - t(z). Determine d(0).
0
Let v(m) = 2*m + 1. Suppose -4 = -3*y - 2*h, -h - 1 = 4*y - 3. Suppose -4*z + 20 = -y*q - 2*q, -3*z + 5*q = -29. Let a be -6 + -1 + (4 - z). What is v(a)?
-11
Let q(z) be the first derivative of z**4/4 - z**3/3 - 13*z**2/2 - 2*z - 59. Calculate q(4).
-6
Let v(g) be the second derivative of -1/2*g**3 + 1/20*g**5 - 11*g + 1/6*g**4 + 0 - 3/2*g**2. Suppose -d + 2*d - 14 = 3*s, 20 = -5*s + d. Give v(s).
-3
Let a(u) = -u + 14. Let y be 17 + (-10 - 2) + 11. What is a(y)?
-2
Let f(h) be the first derivative of h**2 + 3*h - 84. Let u = -6 - -3. What is f(u)?
-3
Let s(i) = -i**2 - 4*i + 8. Let g be s(-5). Suppose 0*a - 3*a + 4*o + 25 = 0, 3*a = -2*o + 1. Let l(z) = 12*z - 3*z**2 - 5*z + a - 6*z. Give l(g).
-21
Let a(m) = 3*m**2 + 4. Suppose 2*o + 5*d = 4, 21*d - 3 = 3*o + 24*d. Give a(o).
31
Let u(z) be the first derivative of -z**2/2 - 2*z - 132. Suppose -o + 0*g - 4*g + 21 = 0, 3*o - 4*g - 15 = 0. Let f = 2 - o. Determine u(f).
5
Let v(u) be the first derivative of 2*u**3 + u + 1. Let r = -74 + 73. Determine v(r).
7
Let d be 20/2*87/174. Let b(u) = 2*u**2 - 3*u - 13. What is b(d)?
22
Let q(j) = 20*j + 9. Let d(c) = -36*c - 17. Let r(h) = -6*d(h) - 11*q(h). Calculate r(4).
-13
Let t(y) be the first derivative of -y**3/3 - 13*y**2/2 + 3*y + 3. Let i be t(-9). Let z be (-2)/3 + (-13)/i. Let g(b) = 11*b**3 + b**2 - b - 1. What is g(z)?
-10
Let h(i) = -4*i + 4*i - i. Let j = -5 - -8. Suppose y - 21 = 5*g, -2*g - 18 = j*y + 4. What is h(y)?
4
Suppose 10 = -2*d + 2*h, d - 3*h = -5*h + 10. Let u(l) = d + 1 + 0*l**3 + l**2 - 2*l - 4*l**3 + 3*l**3. Let a = 0 - -1. Give u(a).
-1
Suppose -d + 5*c = 30, 4*d + 5 = -2*c - c. Let i(m) = -m**2 - 4*m + 7. Determine i(d).
2
Let l(g) be the first derivative of -g**3/3 + 9*g**2/2 - 7*g - 286. Give l(9).
-7
Let m(b) = -3*b**3 + b**2 - 11*b + 2*b**3 + 3 + 10*b. Suppose -4*n + j + 2 = 0, 0 = -4*n - 0*j - 2*j - 4. Determine m(n).
3
Let y(x) be the first derivative of -x**4/4 - 13*x**3/3 - x**2 - 2*x - 21. Let m(a) = -3*a**3 - 38*a**2 - 7*a - 7. Let z(l) = 6*m(l) - 17*y(l). Calculate z(-6).
4
Let v(b) = 3*b**2 + 14. Let y(o) = -2*o**2 + o - 7. Suppose -38 = -5*w - 53. Let j(t) = w*v(t) - 5*y(t). Give j(6).
-1
Let z(x) = 2*x + 3. Let b(d) = -d**2 + 7*d + 16. Let p(c) = b(c) - 5*z(c). Determine p(6).
-53
Let y(v) be the third derivative of v**8/20160 + v**7/840 - v**6/360 + 7*v**5/60 + 7*v**2. Let j(i) be the third derivative of y(i). Calculate j(-3).
-11
Let t(l) = l**2 + 34*l + 26. Let z be t(-33). Let f(u) = -u**3 - 6*u**2 + 3*u + 5. What is f(z)?
33
Let l(g) = g. Let m(z) = -z - 1. Suppose -5*f + 10 = -3*f. Let p(c) = f*l(c) + 4*m(c). What is p(5)?
1
Suppose -g + 60 = 5*g. Let m be 6/g + 24/10. Suppose m*t = 13 - 4. Let d(c) = 2*c**2 - 3*c. Give d(t).
9
Let r(j) be the third derivative of j**7/2520 + 7*j**6/720 + j**5/24 - 13*j**4/24 + 15*j**2. Let w(k) be the second derivative of r(k). What is w(-5)?
-5
Let b be (-60)/(-12) - (1 - -1). Let j(w) = w**3 - 3*w**2 - 4*w + 12. Give j(b).
0
Let f(d) = 103*d + 14 + 108*d - 213*d. Give f(13).
-12
Let s(w) = w - 4. Let j be (-72)/(-8) + 0 + -2. Let n be s(j). Let v(u) = -5*u - 4*u**2 - 4*u**3 + n*u**3 + 0 + 1 + 12*u. Calculate v(-5).
-9
Let c(v) be the second derivative of v**4/12 + 5*v**3/6 + 3*v**2 + 65*v + 2. What is c(-4)?
2
Suppose 6 = 4*x - x. Let t(k) be the third derivative of 1/12*k**5 + 0*k - 7*k**2 - 1/12*k**4 + 0 + 1/6*k**3 - 1/120*k**6. Calculate t(x).
9
Let b(o) = -9*o + 3*o**2 + 17*o + 5*o + 5 - 7*o. Determine b(-4).
29
Let k(p) be the second derivative of -p**4/6 + p**3/3 + p**2/2 - 657*p. Calculate k(-2).
-11
Let o(i) = -15*i - 17. Let r(t) = -3*t - 3. Let p(a) = -2*o(a) + 11*r(a). What is p(-3)?
10
Let p(j) = 2*j + 32. Let v be p(-15). Let s be (3 - (-4)/v) + 0. Let l(q) = q + 2. Calculate l(s).
7
Let k(p) = 13*p - 8. Let z(j) = -24*j + 15. Let b(q) = -11*k(q) - 6*z(q). What is b(6)?
4
Let x(b) = b**3 - 5*b**2 - 7*b + 1. Suppose 65 = 4*w - 99. Let y = -35 + w. Calculate x(y).
-5
Let c(f) = -1 - 100*f**2 + 98*f**2 + 0. What is c(2)?
-9
Let r(z) = -5*z + 1. Let y(q) = -q**2 + 13*q - 35. Let n be y(3). What is r(n)?
26
Let z(u) be the third derivative of -u**4/12 + 2*u**3 + 76*u**2. Determine z(9).
-6
Let x(g) = -2*g**2 + 14*g - 4. Let c(a) = -2*a**2 + 16*a - 4. Let m(k) = 4*c(k) - 5*x(k). Determine m(6).
40
Let w(v) = -v + 940 - 5*v + 3*v**2 - 943 - v**2 - v**3 + 3*v. Calculate w(3).
-21
Let l(m) = 11*m + 1. Let c(x) = -x**2 + 7*x - 7. Let t be -4*(-2 + 1/2). Let z be c(t). Determine l(z).
-10
Let v(j) = -112 + j + j + j**2 + 108. Let c be (-4 - (-10)/2) + -4. Determine v(c).
-1
Let p(f) = -f**2 + 4*f**2 + 2 - 4*f**2 + f. Give p(2).
0
Suppose 0 = -a - 2. Suppose 3*f + 4*k - 11 = 0, -3*f - 3*k + 3 = -3. Let y(r) = -r. Let s(m) = 2*m - 1. Let z(n) = f*s(n) - 8*y(n). Determine z(a).
-1
Let j(d) = 488*d**2 + 2*d + 3 - 476*d**2 - 2. Determine j(-1).
11
Let i(q) = -7*q**3 - 3*q**2 + 7*q - 1. Let w(n) = n**3 - 5*n**2 + 5*n**2 + 9*n - 10*n. Let b(o) = i(o) + 6*w(o). Calculate b(-3).
-4
Suppose -3*p = 4*z + 14, 5*p - 30 = 8*z - 4*z. Suppose -s + 0 = -p. Let y(b) be the first derivative of 4*b**2 - 3*b - 2. What is y(s)?
13
Let m(l) = 9*l + 5. Let t be (10*7/(-56))/(1/4). What is m(t)?
-40
Suppose 0 = -i - 2 + 1. Let m be 2 + -3 + i + 1. Let v(r) = r. Calculate v(m).
-1
Let z(n) be the second derivative of -n**3/3 - 3*n**2 - n - 37. Calculate z(-4).
2
Let g(q) = -q**2 - 7*q - 5. Suppose 0 = -3*u - m - 11, 2*u + 2*m + 3 = -3*m. Let t = 0 + u. Calculate g(t).
7
Let t(d) = 237*d**2 - 5*d - 4 - 242*d**2 - 2 + 3 - d**3 - 3. Calculate t(-4).
-2
Let s be -2 + 6 - ((1 - -1) + -5). Let i(k) = -k**2 + 7*k - 4. Calc